178.51.215.214 - - [22/Feb/2026:07:41:50 -0500] "POST /wp-content/plugins/wp-federation-provide/index.php HTTP/1.1" 200 44 "https://thecabinetrefinishing.com" "Mozilla/5.0 (Windows NT 10.0) AppleWebKit/537.36 (KHTML, like Gecko) Chrome/67.0.2359.110 Safari/537.36"
74.7.227.17 - - [22/Feb/2026:07:41:51 -0500] "GET /buy.php?item/110038681 HTTP/1.1" 404 1251 "https://thecabinetrefinishing.com/buy.php?item/065000898" "Mozilla/5.0 AppleWebKit/537.36 (KHTML, like Gecko; compatible; GPTBot/1.3; +https://openai.com/gptbot)"
74.7.227.17 - - [22/Feb/2026:07:41:51 -0500] "GET /buy.php?item/164030423 HTTP/1.1" 404 1251 "https://thecabinetrefinishing.com/buy.php?item/300020251" "Mozilla/5.0 AppleWebKit/537.36 (KHTML, like Gecko; compatible; GPTBot/1.3; +https://openai.com/gptbot)"
196.188.225.200 - - [22/Feb/2026:07:41:51 -0500] "GET /?p=1175 HTTP/1.1" 200 1753 "https://thecabinetrefinishing.com/" "Mozilla/5.0 (Macintosh; Intel Mac OS X 10_15_7) AppleWebKit/605.1.15 (KHTML, like Gecko) Version/18.3.1 Safari/605.1.15"
74.7.227.17 - - [22/Feb/2026:07:41:52 -0500] "GET /buy.php?item/174015437 HTTP/1.1" 404 1251 "https://thecabinetrefinishing.com/buy.php?item/174011189" "Mozilla/5.0 AppleWebKit/537.36 (KHTML, like Gecko; compatible; GPTBot/1.3; +https://openai.com/gptbot)"
74.7.227.17 - - [22/Feb/2026:07:41:52 -0500] "GET /buy.php?item/194015147 HTTP/1.1" 404 1251 "https://thecabinetrefinishing.com/buy.php?item/300009531" "Mozilla/5.0 AppleWebKit/537.36 (KHTML, like Gecko; compatible; GPTBot/1.3; +https://openai.com/gptbot)"
74.7.227.17 - - [22/Feb/2026:07:41:53 -0500] "GET /buy.php?item/105007986 HTTP/1.1" 404 1251 "https://thecabinetrefinishing.com/buy.php?item/110007973" "Mozilla/5.0 AppleWebKit/537.36 (KHTML, like Gecko; compatible; GPTBot/1.3; +https://openai.com/gptbot)"
104.28.249.171 - - [22/Feb/2026:07:41:53 -0500] "POST /wp-content/plugins/wp-water-labyrinth/index.php HTTP/1.1" 200 29 "https://thecabinetrefinishing.com" "Mozilla/5.0 (Windows NT 6.3) AppleWebKit/537.36 (KHTML, like Gecko) Chrome/66.0.3198.32 Safari/537.36"
74.7.227.17 - - [22/Feb/2026:07:41:53 -0500] "GET /buy.php?item/066025889 HTTP/1.1" 404 1251 "https://thecabinetrefinishing.com/buy.php?item/200010325" "Mozilla/5.0 AppleWebKit/537.36 (KHTML, like Gecko; compatible; GPTBot/1.3; +https://openai.com/gptbot)"
74.7.227.17 - - [22/Feb/2026:07:41:54 -0500] "GET /buy.php?item/242046711 HTTP/1.1" 404 1251 "https://thecabinetrefinishing.com/buy.php?item/020008049" "Mozilla/5.0 AppleWebKit/537.36 (KHTML, like Gecko; compatible; GPTBot/1.3; +https://openai.com/gptbot)"
74.7.227.17 - - [22/Feb/2026:07:41:54 -0500] "GET /buy.php?item/135036190 HTTP/1.1" 404 1251 "https://thecabinetrefinishing.com/buy.php?item/270005879" "Mozilla/5.0 AppleWebKit/537.36 (KHTML, like Gecko; compatible; GPTBot/1.3; +https://openai.com/gptbot)"
74.7.227.17 - - [22/Feb/2026:07:41:55 -0500] "GET /buy.php?item/135024292 HTTP/1.1" 404 1251 "https://thecabinetrefinishing.com/buy.php?item/210001483" "Mozilla/5.0 AppleWebKit/537.36 (KHTML, like Gecko; compatible; GPTBot/1.3; +https://openai.com/gptbot)"
74.7.227.17 - - [22/Feb/2026:07:41:55 -0500] "GET /buy.php?item/069010850 HTTP/1.1" 404 1251 "https://thecabinetrefinishing.com/buy.php?item/069006042" "Mozilla/5.0 AppleWebKit/537.36 (KHTML, like Gecko; compatible; GPTBot/1.3; +https://openai.com/gptbot)"
74.7.227.17 - - [22/Feb/2026:07:41:56 -0500] "GET /buy.php?item/208041429 HTTP/1.1" 404 1251 "https://thecabinetrefinishing.com/buy.php?item/300023063" "Mozilla/5.0 AppleWebKit/537.36 (KHTML, like Gecko; compatible; GPTBot/1.3; +https://openai.com/gptbot)"
74.7.227.17 - - [22/Feb/2026:07:41:56 -0500] "GET /buy.php?item/213020410 HTTP/1.1" 404 1251 "https://thecabinetrefinishing.com/buy.php?item/010005419" "Mozilla/5.0 AppleWebKit/537.36 (KHTML, like Gecko; compatible; GPTBot/1.3; +https://openai.com/gptbot)"
74.7.227.17 - - [22/Feb/2026:07:41:57 -0500] "GET /buy.php?item/230029193 HTTP/1.1" 404 1251 "https://thecabinetrefinishing.com/buy.php?item/200010731" "Mozilla/5.0 AppleWebKit/537.36 (KHTML, like Gecko; compatible; GPTBot/1.3; +https://openai.com/gptbot)"
93.87.220.16 - - [22/Feb/2026:07:41:57 -0500] "POST /wp-content/plugins/wp-federation-provide/index.php HTTP/1.1" 200 44 "https://thecabinetrefinishing.com" "Mozilla/5.0 (Windows NT 10.0; Win64; x64) AppleWebKit/537.36 (KHTML, like Gecko) Chrome/64.0.2802.144 Safari/537.36"
74.7.227.17 - - [22/Feb/2026:07:41:58 -0500] "GET /buy.php?item/280045181 HTTP/1.1" 404 1251 "https://thecabinetrefinishing.com/buy.php?item/140006089" "Mozilla/5.0 AppleWebKit/537.36 (KHTML, like Gecko; compatible; GPTBot/1.3; +https://openai.com/gptbot)"
74.7.227.17 - - [22/Feb/2026:07:41:58 -0500] "GET /buy.php?item/299010944 HTTP/1.1" 404 1251 "https://thecabinetrefinishing.com/buy.php?item/030007877" "Mozilla/5.0 AppleWebKit/537.36 (KHTML, like Gecko; compatible; GPTBot/1.3; +https://openai.com/gptbot)"
185.107.67.188 - - [22/Feb/2026:07:41:58 -0500] "POST /wp-content/plugins/wp-water-labyrinth/index.php HTTP/1.1" 200 29 "https://thecabinetrefinishing.com" "Mozilla/5.0 (Windows NT 6.1; Win64; x64) AppleWebKit/537.36 (KHTML, like Gecko) Chrome/67.0.3391.80 Safari/537.36"
74.7.227.17 - - [22/Feb/2026:07:41:59 -0500] "GET /buy.php?item/218009405 HTTP/1.1" 404 1251 "https://thecabinetrefinishing.com/buy.php?item/300013761" "Mozilla/5.0 AppleWebKit/537.36 (KHTML, like Gecko; compatible; GPTBot/1.3; +https://openai.com/gptbot)"
74.7.227.17 - - [22/Feb/2026:07:41:59 -0500] "GET /buy.php?item/177016692 HTTP/1.1" 404 1251 "https://thecabinetrefinishing.com/buy.php?item/240006807" "Mozilla/5.0 AppleWebKit/537.36 (KHTML, like Gecko; compatible; GPTBot/1.3; +https://openai.com/gptbot)"
74.7.227.17 - - [22/Feb/2026:07:42:00 -0500] "GET /buy.php?item/299003924 HTTP/1.1" 404 1251 "https://thecabinetrefinishing.com/buy.php?item/130000097" "Mozilla/5.0 AppleWebKit/537.36 (KHTML, like Gecko; compatible; GPTBot/1.3; +https://openai.com/gptbot)"
74.7.227.17 - - [22/Feb/2026:07:42:00 -0500] "GET /buy.php?item/281019712 HTTP/1.1" 404 1251 "https://thecabinetrefinishing.com/buy.php?shopdetail/mixture/281048057" "Mozilla/5.0 AppleWebKit/537.36 (KHTML, like Gecko; compatible; GPTBot/1.3; +https://openai.com/gptbot)"
74.7.227.17 - - [22/Feb/2026:07:42:01 -0500] "GET /buy.php?item/116014135 HTTP/1.1" 404 1251 "https://thecabinetrefinishing.com/buy.php?item/116011107" "Mozilla/5.0 AppleWebKit/537.36 (KHTML, like Gecko; compatible; GPTBot/1.3; +https://openai.com/gptbot)"
74.7.227.17 - - [22/Feb/2026:07:42:01 -0500] "GET /buy.php?item/217031200 HTTP/1.1" 404 1251 "https://thecabinetrefinishing.com/buy.php?item/300026281" "Mozilla/5.0 AppleWebKit/537.36 (KHTML, like Gecko; compatible; GPTBot/1.3; +https://openai.com/gptbot)"
74.7.227.17 - - [22/Feb/2026:07:42:02 -0500] "GET /buy.php?item/092045033 HTTP/1.1" 404 1251 "https://thecabinetrefinishing.com/buy.php?item/010006277" "Mozilla/5.0 AppleWebKit/537.36 (KHTML, like Gecko; compatible; GPTBot/1.3; +https://openai.com/gptbot)"
81.196.138.179 - - [22/Feb/2026:07:42:00 -0500] "POST /wp-content/plugins/wp-federation-provide/index.php HTTP/1.1" 200 44 "https://thecabinetrefinishing.com" "Mozilla/5.0 (Windows NT 6.1) AppleWebKit/537.36 (KHTML, like Gecko) Chrome/63.0.2323.137 Safari/537.36"
74.7.227.17 - - [22/Feb/2026:07:42:02 -0500] "GET /buy.php?item/031016708 HTTP/1.1" 404 1251 "https://thecabinetrefinishing.com/buy.php?item/040002825" "Mozilla/5.0 AppleWebKit/537.36 (KHTML, like Gecko; compatible; GPTBot/1.3; +https://openai.com/gptbot)"
74.7.227.17 - - [22/Feb/2026:07:42:03 -0500] "GET /buy.php?item/284033163 HTTP/1.1" 404 1251 "https://thecabinetrefinishing.com/buy.php?item/180000849" "Mozilla/5.0 AppleWebKit/537.36 (KHTML, like Gecko; compatible; GPTBot/1.3; +https://openai.com/gptbot)"
110.249.201.188 - - [22/Feb/2026:07:42:03 -0500] "GET / HTTP/1.1" 200 1751 "-" "Mozilla/5.0 (Linux; Android 5.0) AppleWebKit/537.36 (KHTML, like Gecko) Mobile Safari/537.36 (compatible; Bytespider; https://zhanzhang.toutiao.com/)"
74.7.227.17 - - [22/Feb/2026:07:42:03 -0500] "GET /buy.php?item/003017624 HTTP/1.1" 404 1251 "https://thecabinetrefinishing.com/buy.php?item/120008405" "Mozilla/5.0 AppleWebKit/537.36 (KHTML, like Gecko; compatible; GPTBot/1.3; +https://openai.com/gptbot)"
74.7.227.17 - - [22/Feb/2026:07:42:04 -0500] "GET /buy.php?item/282018857 HTTP/1.1" 404 1251 "https://thecabinetrefinishing.com/buy.php?item/300024003" "Mozilla/5.0 AppleWebKit/537.36 (KHTML, like Gecko; compatible; GPTBot/1.3; +https://openai.com/gptbot)"
110.249.201.188 - - [22/Feb/2026:07:42:04 -0500] "GET /_autoindex/assets/css/autoindex.css HTTP/1.1" 200 1170 "https://thecabinetrefinishing.com/" "Mozilla/5.0 (Linux; Android 5.0) AppleWebKit/537.36 (KHTML, like Gecko) Mobile Safari/537.36 (compatible; Bytespider; https://zhanzhang.toutiao.com/)"
110.249.201.188 - - [22/Feb/2026:07:42:04 -0500] "GET /_autoindex/assets/js/tablesort.js HTTP/1.1" 200 2137 "https://thecabinetrefinishing.com/" "Mozilla/5.0 (Linux; Android 5.0) AppleWebKit/537.36 (KHTML, like Gecko) Mobile Safari/537.36 (compatible; Bytespider; https://zhanzhang.toutiao.com/)"
110.249.201.188 - - [22/Feb/2026:07:42:04 -0500] "GET /_autoindex/assets/js/tablesort.number.js HTTP/1.1" 200 322 "https://thecabinetrefinishing.com/" "Mozilla/5.0 (Linux; Android 5.0) AppleWebKit/537.36 (KHTML, like Gecko) Mobile Safari/537.36 (compatible; Bytespider; https://zhanzhang.toutiao.com/)"
110.249.201.188 - - [22/Feb/2026:07:42:04 -0500] "GET /_autoindex/assets/icons/folder-fill.svg HTTP/1.1" 206 500 "https://thecabinetrefinishing.com/" "Mozilla/5.0 (Linux; Android 5.0) AppleWebKit/537.36 (KHTML, like Gecko) Mobile Safari/537.36 (compatible; Bytespider; https://zhanzhang.toutiao.com/)"
110.249.201.188 - - [22/Feb/2026:07:42:04 -0500] "GET /_autoindex/assets/icons/file.svg HTTP/1.1" 206 500 "https://thecabinetrefinishing.com/" "Mozilla/5.0 (Linux; Android 5.0) AppleWebKit/537.36 (KHTML, like Gecko) Mobile Safari/537.36 (compatible; Bytespider; https://zhanzhang.toutiao.com/)"
74.7.227.17 - - [22/Feb/2026:07:42:04 -0500] "GET /buy.php?item/290026445 HTTP/1.1" 404 1251 "https://thecabinetrefinishing.com/buy.php?item/230004587" "Mozilla/5.0 AppleWebKit/537.36 (KHTML, like Gecko; compatible; GPTBot/1.3; +https://openai.com/gptbot)"
110.249.201.188 - - [22/Feb/2026:07:42:04 -0500] "GET /_autoindex/assets/icons/file-text.svg HTTP/1.1" 206 500 "https://thecabinetrefinishing.com/" "Mozilla/5.0 (Linux; Android 5.0) AppleWebKit/537.36 (KHTML, like Gecko) Mobile Safari/537.36 (compatible; Bytespider; https://zhanzhang.toutiao.com/)"
74.7.227.17 - - [22/Feb/2026:07:42:05 -0500] "GET /buy.php?item/106038099 HTTP/1.1" 404 1251 "https://thecabinetrefinishing.com/buy.php?item/285000952" "Mozilla/5.0 AppleWebKit/537.36 (KHTML, like Gecko; compatible; GPTBot/1.3; +https://openai.com/gptbot)"
74.7.227.17 - - [22/Feb/2026:07:42:05 -0500] "GET /buy.php?item/231028530 HTTP/1.1" 404 1251 "https://thecabinetrefinishing.com/buy.php?item/289004222" "Mozilla/5.0 AppleWebKit/537.36 (KHTML, like Gecko; compatible; GPTBot/1.3; +https://openai.com/gptbot)"
74.7.227.17 - - [22/Feb/2026:07:42:06 -0500] "GET /buy.php?item/232005145 HTTP/1.1" 404 1251 "https://thecabinetrefinishing.com/buy.php?item/300026161" "Mozilla/5.0 AppleWebKit/537.36 (KHTML, like Gecko; compatible; GPTBot/1.3; +https://openai.com/gptbot)"
74.7.227.17 - - [22/Feb/2026:07:42:06 -0500] "GET /buy.php?item/217024766 HTTP/1.1" 404 1251 "https://thecabinetrefinishing.com/buy.php?item/040002359" "Mozilla/5.0 AppleWebKit/537.36 (KHTML, like Gecko; compatible; GPTBot/1.3; +https://openai.com/gptbot)"
74.7.227.17 - - [22/Feb/2026:07:42:07 -0500] "GET /buy.php?item/282033757 HTTP/1.1" 404 1251 "https://thecabinetrefinishing.com/buy.php?item/200005523" "Mozilla/5.0 AppleWebKit/537.36 (KHTML, like Gecko; compatible; GPTBot/1.3; +https://openai.com/gptbot)"
74.7.227.17 - - [22/Feb/2026:07:42:07 -0500] "GET /buy.php?item/295002574 HTTP/1.1" 404 1251 "https://thecabinetrefinishing.com/buy.php?item/140004087" "Mozilla/5.0 AppleWebKit/537.36 (KHTML, like Gecko; compatible; GPTBot/1.3; +https://openai.com/gptbot)"
74.7.227.17 - - [22/Feb/2026:07:42:08 -0500] "GET /buy.php?item/203018588 HTTP/1.1" 404 1251 "https://thecabinetrefinishing.com/buy.php?item/040000439" "Mozilla/5.0 AppleWebKit/537.36 (KHTML, like Gecko; compatible; GPTBot/1.3; +https://openai.com/gptbot)"
175.100.79.89 - - [22/Feb/2026:07:42:08 -0500] "GET /?p=3386 HTTP/1.1" 200 1751 "https://thecabinetrefinishing.com/" "Mozilla/5.0 (Windows NT 10.0; Win64; x64) AppleWebKit/537.36 (KHTML, like Gecko) Chrome/135.0.0.0 Safari/537.36 Edg/135.0.0.0"
74.7.227.17 - - [22/Feb/2026:07:42:08 -0500] "GET /buy.php?item/232004215 HTTP/1.1" 404 1251 "https://thecabinetrefinishing.com/buy.php?item/220006459" "Mozilla/5.0 AppleWebKit/537.36 (KHTML, like Gecko; compatible; GPTBot/1.3; +https://openai.com/gptbot)"
74.7.227.17 - - [22/Feb/2026:07:42:09 -0500] "GET /buy.php?item/070018647 HTTP/1.1" 404 1251 "https://thecabinetrefinishing.com/buy.php?item/070004121" "Mozilla/5.0 AppleWebKit/537.36 (KHTML, like Gecko; compatible; GPTBot/1.3; +https://openai.com/gptbot)"
78.87.149.57 - - [22/Feb/2026:07:42:07 -0500] "POST /wp-content/plugins/wp-federation-provide/index.php HTTP/1.1" 200 44 "https://thecabinetrefinishing.com" "Mozilla/5.0 (Windows NT 10.0) AppleWebKit/537.36 (KHTML, like Gecko) Chrome/67.0.2152.20 Safari/537.36"
111.225.148.2 - - [22/Feb/2026:07:42:09 -0500] "GET /robots.txt HTTP/1.1" 200 141 "-" "Mozilla/5.0 (Linux; Android 5.0) AppleWebKit/537.36 (KHTML, like Gecko) Mobile Safari/537.36 (compatible; Bytespider; https://zhanzhang.toutiao.com/)"
74.7.227.17 - - [22/Feb/2026:07:42:10 -0500] "GET /buy.php?item/292004085 HTTP/1.1" 404 1251 "https://thecabinetrefinishing.com/buy.php?item/292000527" "Mozilla/5.0 AppleWebKit/537.36 (KHTML, like Gecko; compatible; GPTBot/1.3; +https://openai.com/gptbot)"
74.7.227.17 - - [22/Feb/2026:07:42:10 -0500] "GET /buy.php?item/151019812 HTTP/1.1" 404 1251 "https://thecabinetrefinishing.com/buy.php?item/020001977" "Mozilla/5.0 AppleWebKit/537.36 (KHTML, like Gecko; compatible; GPTBot/1.3; +https://openai.com/gptbot)"
74.7.227.17 - - [22/Feb/2026:07:42:11 -0500] "GET /buy.php?item/192016225 HTTP/1.1" 404 1251 "https://thecabinetrefinishing.com/buy.php?item/081000434" "Mozilla/5.0 AppleWebKit/537.36 (KHTML, like Gecko; compatible; GPTBot/1.3; +https://openai.com/gptbot)"
74.7.227.17 - - [22/Feb/2026:07:42:11 -0500] "GET /buy.php?item/213006702 HTTP/1.1" 404 1251 "https://thecabinetrefinishing.com/buy.php?item/120008107" "Mozilla/5.0 AppleWebKit/537.36 (KHTML, like Gecko; compatible; GPTBot/1.3; +https://openai.com/gptbot)"
212.10.121.12 - - [22/Feb/2026:07:42:11 -0500] "POST /wp-content/plugins/wp-water-labyrinth/index.php HTTP/1.1" 200 29 "https://thecabinetrefinishing.com" "Mozilla/5.0 (Windows NT 6.1; Win64; x64) AppleWebKit/537.36 (KHTML, like Gecko) Chrome/68.0.3408.143 Safari/537.36"
74.7.227.17 - - [22/Feb/2026:07:42:12 -0500] "GET /buy.php?item/078036671 HTTP/1.1" 404 1251 "https://thecabinetrefinishing.com/buy.php?shopdetail/desk/218033572" "Mozilla/5.0 AppleWebKit/537.36 (KHTML, like Gecko; compatible; GPTBot/1.3; +https://openai.com/gptbot)"
74.7.227.17 - - [22/Feb/2026:07:42:12 -0500] "GET /buy.php?item/192013399 HTTP/1.1" 404 1251 "https://thecabinetrefinishing.com/buy.php?item/192009081" "Mozilla/5.0 AppleWebKit/537.36 (KHTML, like Gecko; compatible; GPTBot/1.3; +https://openai.com/gptbot)"
74.7.227.17 - - [22/Feb/2026:07:42:13 -0500] "GET /buy.php?item/094034589 HTTP/1.1" 404 1251 "https://thecabinetrefinishing.com/buy.php?item/300025825" "Mozilla/5.0 AppleWebKit/537.36 (KHTML, like Gecko; compatible; GPTBot/1.3; +https://openai.com/gptbot)"
74.7.227.17 - - [22/Feb/2026:07:42:13 -0500] "GET /buy.php?item/108023885 HTTP/1.1" 404 1251 "https://thecabinetrefinishing.com/buy.php?item/300016607" "Mozilla/5.0 AppleWebKit/537.36 (KHTML, like Gecko; compatible; GPTBot/1.3; +https://openai.com/gptbot)"
74.7.227.17 - - [22/Feb/2026:07:42:14 -0500] "GET /buy.php?item/061018034 HTTP/1.1" 404 1251 "https://thecabinetrefinishing.com/buy.php?item/061000264" "Mozilla/5.0 AppleWebKit/537.36 (KHTML, like Gecko; compatible; GPTBot/1.3; +https://openai.com/gptbot)"
74.7.227.17 - - [22/Feb/2026:07:42:14 -0500] "GET /buy.php?item/102032831 HTTP/1.1" 404 1251 "https://thecabinetrefinishing.com/buy.php?item/200008889" "Mozilla/5.0 AppleWebKit/537.36 (KHTML, like Gecko; compatible; GPTBot/1.3; +https://openai.com/gptbot)"
74.7.227.17 - - [22/Feb/2026:07:42:15 -0500] "GET /buy.php?item/242017541 HTTP/1.1" 404 1251 "https://thecabinetrefinishing.com/buy.php?item/170000169" "Mozilla/5.0 AppleWebKit/537.36 (KHTML, like Gecko; compatible; GPTBot/1.3; +https://openai.com/gptbot)"
82.213.205.30 - - [22/Feb/2026:07:42:15 -0500] "POST /wp-content/plugins/wp-water-labyrinth/index.php HTTP/1.1" 200 29 "https://thecabinetrefinishing.com" "Mozilla/5.0 (Windows NT 6.3; WOW64; rv:51.0) Gecko/20100101 Firefox/51.0"
74.7.227.17 - - [22/Feb/2026:07:42:15 -0500] "GET /buy.php?item/181024148 HTTP/1.1" 404 1251 "https://thecabinetrefinishing.com/buy.php?item/120001971" "Mozilla/5.0 AppleWebKit/537.36 (KHTML, like Gecko; compatible; GPTBot/1.3; +https://openai.com/gptbot)"
74.7.227.17 - - [22/Feb/2026:07:42:16 -0500] "GET /buy.php?item/068009937 HTTP/1.1" 404 1251 "https://thecabinetrefinishing.com/buy.php?item/085045760" "Mozilla/5.0 AppleWebKit/537.36 (KHTML, like Gecko; compatible; GPTBot/1.3; +https://openai.com/gptbot)"
74.7.227.17 - - [22/Feb/2026:07:42:16 -0500] "GET /buy.php?item/181025884 HTTP/1.1" 404 1251 "https://thecabinetrefinishing.com/buy.php?item/290000769" "Mozilla/5.0 AppleWebKit/537.36 (KHTML, like Gecko; compatible; GPTBot/1.3; +https://openai.com/gptbot)"
74.7.227.17 - - [22/Feb/2026:07:42:17 -0500] "GET /buy.php?item/096024119 HTTP/1.1" 404 1251 "https://thecabinetrefinishing.com/buy.php?item/051000014" "Mozilla/5.0 AppleWebKit/537.36 (KHTML, like Gecko; compatible; GPTBot/1.3; +https://openai.com/gptbot)"
74.7.227.17 - - [22/Feb/2026:07:42:17 -0500] "GET /buy.php?item/057025622 HTTP/1.1" 404 1251 "https://thecabinetrefinishing.com/buy.php?item/220002923" "Mozilla/5.0 AppleWebKit/537.36 (KHTML, like Gecko; compatible; GPTBot/1.3; +https://openai.com/gptbot)"
74.7.227.17 - - [22/Feb/2026:07:42:18 -0500] "GET /buy.php?item/011047790 HTTP/1.1" 404 1251 "https://thecabinetrefinishing.com/buy.php?item/300009769" "Mozilla/5.0 AppleWebKit/537.36 (KHTML, like Gecko; compatible; GPTBot/1.3; +https://openai.com/gptbot)"
74.7.227.17 - - [22/Feb/2026:07:42:18 -0500] "GET /buy.php?item/281008486 HTTP/1.1" 404 1251 "https://thecabinetrefinishing.com/buy.php?item/009000328" "Mozilla/5.0 AppleWebKit/537.36 (KHTML, like Gecko; compatible; GPTBot/1.3; +https://openai.com/gptbot)"
74.7.227.17 - - [22/Feb/2026:07:42:19 -0500] "GET /buy.php?item/095020536 HTTP/1.1" 404 1251 "https://thecabinetrefinishing.com/buy.php?item/095000480" "Mozilla/5.0 AppleWebKit/537.36 (KHTML, like Gecko; compatible; GPTBot/1.3; +https://openai.com/gptbot)"
74.7.227.17 - - [22/Feb/2026:07:42:20 -0500] "GET /buy.php?item/128002691 HTTP/1.1" 404 1251 "https://thecabinetrefinishing.com/buy.php?item/030009173" "Mozilla/5.0 AppleWebKit/537.36 (KHTML, like Gecko; compatible; GPTBot/1.3; +https://openai.com/gptbot)"
74.7.227.17 - - [22/Feb/2026:07:42:20 -0500] "GET /buy.php?item/078046871 HTTP/1.1" 404 1251 "https://thecabinetrefinishing.com/buy.php?item/200000685" "Mozilla/5.0 AppleWebKit/537.36 (KHTML, like Gecko; compatible; GPTBot/1.3; +https://openai.com/gptbot)"
74.7.227.17 - - [22/Feb/2026:07:42:21 -0500] "GET /buy.php?item/113022892 HTTP/1.1" 404 1251 "https://thecabinetrefinishing.com/buy.php?item/180003041" "Mozilla/5.0 AppleWebKit/537.36 (KHTML, like Gecko; compatible; GPTBot/1.3; +https://openai.com/gptbot)"
87.116.181.41 - - [22/Feb/2026:07:42:21 -0500] "POST /wp-content/plugins/wp-water-labyrinth/index.php HTTP/1.1" 200 29 "https://thecabinetrefinishing.com" "Mozilla/5.0 (Windows NT 10.0; WOW64) AppleWebKit/537.36 (KHTML, like Gecko) Chrome/68.0.3124.67 Safari/537.36"
74.7.227.17 - - [22/Feb/2026:07:42:21 -0500] "GET /buy.php?item/276015511 HTTP/1.1" 404 1251 "https://thecabinetrefinishing.com/buy.php?item/220005275" "Mozilla/5.0 AppleWebKit/537.36 (KHTML, like Gecko; compatible; GPTBot/1.3; +https://openai.com/gptbot)"
79.44.184.192 - - [22/Feb/2026:07:42:21 -0500] "POST /wp-content/plugins/wp-federation-provide/index.php HTTP/1.1" 200 44 "https://thecabinetrefinishing.com" "Mozilla/5.0 (Windows NT 6.1) AppleWebKit/537.36 (KHTML, like Gecko) Chrome/64.0.3150.8 Safari/537.36"
74.7.227.17 - - [22/Feb/2026:07:42:22 -0500] "GET /buy.php?item/070026347 HTTP/1.1" 404 1251 "https://thecabinetrefinishing.com/buy.php?item/070015333" "Mozilla/5.0 AppleWebKit/537.36 (KHTML, like Gecko; compatible; GPTBot/1.3; +https://openai.com/gptbot)"
74.7.227.17 - - [22/Feb/2026:07:42:22 -0500] "GET /buy.php?item/166022415 HTTP/1.1" 404 1251 "https://thecabinetrefinishing.com/buy.php?shopdetail/ride/020007252" "Mozilla/5.0 AppleWebKit/537.36 (KHTML, like Gecko; compatible; GPTBot/1.3; +https://openai.com/gptbot)"
79.117.178.71 - - [22/Feb/2026:07:42:20 -0500] "POST /wp-content/plugins/wp-federation-provide/index.php HTTP/1.1" 200 44 "https://thecabinetrefinishing.com" "Mozilla/5.0 (Windows NT 6.1; rv:64.0) Gecko/20100101 Firefox/64.0"
74.7.227.17 - - [22/Feb/2026:07:42:23 -0500] "GET /buy.php?item/159029352 HTTP/1.1" 404 1251 "https://thecabinetrefinishing.com/buy.php?item/270008685" "Mozilla/5.0 AppleWebKit/537.36 (KHTML, like Gecko; compatible; GPTBot/1.3; +https://openai.com/gptbot)"
74.7.227.17 - - [22/Feb/2026:07:42:23 -0500] "GET /buy.php?item/210043881 HTTP/1.1" 404 1251 "https://thecabinetrefinishing.com/buy.php?item/040001721" "Mozilla/5.0 AppleWebKit/537.36 (KHTML, like Gecko; compatible; GPTBot/1.3; +https://openai.com/gptbot)"
74.7.227.17 - - [22/Feb/2026:07:42:24 -0500] "GET /buy.php?item/067024760 HTTP/1.1" 404 1251 "https://thecabinetrefinishing.com/buy.php?item/076027771" "Mozilla/5.0 AppleWebKit/537.36 (KHTML, like Gecko; compatible; GPTBot/1.3; +https://openai.com/gptbot)"
74.7.227.17 - - [22/Feb/2026:07:42:24 -0500] "GET /buy.php?item/116007209 HTTP/1.1" 404 1251 "https://thecabinetrefinishing.com/buy.php?item/116001831" "Mozilla/5.0 AppleWebKit/537.36 (KHTML, like Gecko; compatible; GPTBot/1.3; +https://openai.com/gptbot)"
74.7.227.17 - - [22/Feb/2026:07:42:25 -0500] "GET /buy.php?item/058002711 HTTP/1.1" 404 1251 "https://thecabinetrefinishing.com/buy.php?item/300008113" "Mozilla/5.0 AppleWebKit/537.36 (KHTML, like Gecko; compatible; GPTBot/1.3; +https://openai.com/gptbot)"
74.7.227.17 - - [22/Feb/2026:07:42:25 -0500] "GET /buy.php?item/058026569 HTTP/1.1" 404 1251 "https://thecabinetrefinishing.com/buy.php?item/020009023" "Mozilla/5.0 AppleWebKit/537.36 (KHTML, like Gecko; compatible; GPTBot/1.3; +https://openai.com/gptbot)"
74.7.227.17 - - [22/Feb/2026:07:42:26 -0500] "GET /buy.php?item/135032362 HTTP/1.1" 404 1251 "https://thecabinetrefinishing.com/buy.php?item/110004433" "Mozilla/5.0 AppleWebKit/537.36 (KHTML, like Gecko; compatible; GPTBot/1.3; +https://openai.com/gptbot)"
74.7.227.17 - - [22/Feb/2026:07:42:26 -0500] "GET /buy.php?item/054025097 HTTP/1.1" 404 1251 "https://thecabinetrefinishing.com/buy.php?item/222038707" "Mozilla/5.0 AppleWebKit/537.36 (KHTML, like Gecko; compatible; GPTBot/1.3; +https://openai.com/gptbot)"
74.7.227.17 - - [22/Feb/2026:07:42:27 -0500] "GET /buy.php?item/255047206 HTTP/1.1" 404 1251 "https://thecabinetrefinishing.com/buy.php?item/300001345" "Mozilla/5.0 AppleWebKit/537.36 (KHTML, like Gecko; compatible; GPTBot/1.3; +https://openai.com/gptbot)"
74.7.227.17 - - [22/Feb/2026:07:42:27 -0500] "GET /buy.php?item/096017681 HTTP/1.1" 404 1251 "https://thecabinetrefinishing.com/buy.php?item/111000730" "Mozilla/5.0 AppleWebKit/537.36 (KHTML, like Gecko; compatible; GPTBot/1.3; +https://openai.com/gptbot)"
74.7.227.17 - - [22/Feb/2026:07:42:28 -0500] "GET /buy.php?item/292034935 HTTP/1.1" 404 1251 "https://thecabinetrefinishing.com/buy.php?item/111013666" "Mozilla/5.0 AppleWebKit/537.36 (KHTML, like Gecko; compatible; GPTBot/1.3; +https://openai.com/gptbot)"
74.7.227.17 - - [22/Feb/2026:07:42:28 -0500] "GET /buy.php?item/273001676 HTTP/1.1" 404 1251 "https://thecabinetrefinishing.com/buy.php?item/280002815" "Mozilla/5.0 AppleWebKit/537.36 (KHTML, like Gecko; compatible; GPTBot/1.3; +https://openai.com/gptbot)"
74.7.227.17 - - [22/Feb/2026:07:42:29 -0500] "GET /buy.php?item/073003184 HTTP/1.1" 404 1251 "https://thecabinetrefinishing.com/buy.php?item/073000442" "Mozilla/5.0 AppleWebKit/537.36 (KHTML, like Gecko; compatible; GPTBot/1.3; +https://openai.com/gptbot)"
74.7.227.17 - - [22/Feb/2026:07:42:29 -0500] "GET /buy.php?item/152031273 HTTP/1.1" 404 1251 "https://thecabinetrefinishing.com/buy.php?shopdetail/efficient/157049197" "Mozilla/5.0 AppleWebKit/537.36 (KHTML, like Gecko; compatible; GPTBot/1.3; +https://openai.com/gptbot)"
74.7.227.17 - - [22/Feb/2026:07:42:30 -0500] "GET /buy.php?item/136002461 HTTP/1.1" 404 1251 "https://thecabinetrefinishing.com/buy.php?item/220008265" "Mozilla/5.0 AppleWebKit/537.36 (KHTML, like Gecko; compatible; GPTBot/1.3; +https://openai.com/gptbot)"
54.39.6.69 - - [22/Feb/2026:07:42:30 -0500] "GET /products/9282046117 HTTP/1.1" 404 1251 "-" "Mozilla/5.0 (compatible; AhrefsBot/7.0; +http://ahrefs.com/robot/)"
74.7.227.17 - - [22/Feb/2026:07:42:31 -0500] "GET /buy.php?item/052008371 HTTP/1.1" 404 1251 "https://thecabinetrefinishing.com/buy.php?item/200009339" "Mozilla/5.0 AppleWebKit/537.36 (KHTML, like Gecko; compatible; GPTBot/1.3; +https://openai.com/gptbot)"
74.7.227.17 - - [22/Feb/2026:07:42:31 -0500] "GET /buy.php?item/240038509 HTTP/1.1" 404 1251 "https://thecabinetrefinishing.com/buy.php?item/210002371" "Mozilla/5.0 AppleWebKit/537.36 (KHTML, like Gecko; compatible; GPTBot/1.3; +https://openai.com/gptbot)"
74.7.227.17 - - [22/Feb/2026:07:42:32 -0500] "GET /buy.php?item/214031335 HTTP/1.1" 404 1251 "https://thecabinetrefinishing.com/buy.php?item/130007407" "Mozilla/5.0 AppleWebKit/537.36 (KHTML, like Gecko; compatible; GPTBot/1.3; +https://openai.com/gptbot)"
74.7.227.17 - - [22/Feb/2026:07:42:32 -0500] "GET /buy.php?item/021039142 HTTP/1.1" 404 1251 "https://thecabinetrefinishing.com/buy.php?item/300015955" "Mozilla/5.0 AppleWebKit/537.36 (KHTML, like Gecko; compatible; GPTBot/1.3; +https://openai.com/gptbot)"
74.7.227.17 - - [22/Feb/2026:07:42:33 -0500] "GET /buy.php?item/292006087 HTTP/1.1" 404 1251 "https://thecabinetrefinishing.com/buy.php?item/300017875" "Mozilla/5.0 AppleWebKit/537.36 (KHTML, like Gecko; compatible; GPTBot/1.3; +https://openai.com/gptbot)"
74.7.227.17 - - [22/Feb/2026:07:42:33 -0500] "GET /buy.php?item/091029334 HTTP/1.1" 404 1251 "https://thecabinetrefinishing.com/buy.php?item/110000947" "Mozilla/5.0 AppleWebKit/537.36 (KHTML, like Gecko; compatible; GPTBot/1.3; +https://openai.com/gptbot)"
178.208.194.9 - - [22/Feb/2026:07:42:33 -0500] "POST /wp-content/plugins/wp-federation-provide/index.php HTTP/1.1" 200 44 "https://thecabinetrefinishing.com" "Mozilla/5.0 (Windows NT 6.3) AppleWebKit/537.36 (KHTML, like Gecko) Chrome/67.0.2338.59 Safari/537.36"
74.7.227.17 - - [22/Feb/2026:07:42:34 -0500] "GET /buy.php?item/077034384 HTTP/1.1" 404 1251 "https://thecabinetrefinishing.com/buy.php?item/300018079" "Mozilla/5.0 AppleWebKit/537.36 (KHTML, like Gecko; compatible; GPTBot/1.3; +https://openai.com/gptbot)"
74.7.227.17 - - [22/Feb/2026:07:42:34 -0500] "GET /buy.php?item/093047076 HTTP/1.1" 404 1251 "https://thecabinetrefinishing.com/buy.php?item/300000665" "Mozilla/5.0 AppleWebKit/537.36 (KHTML, like Gecko; compatible; GPTBot/1.3; +https://openai.com/gptbot)"
151.0.81.21 - - [22/Feb/2026:07:42:34 -0500] "POST /wp-content/plugins/wp-federation-provide/index.php HTTP/1.1" 200 44 "https://thecabinetrefinishing.com" "Mozilla/5.0 (Windows NT 6.1; WOW64) AppleWebKit/537.36 (KHTML, like Gecko) Chrome/65.0.3030.53 Safari/537.36"
74.7.227.17 - - [22/Feb/2026:07:42:35 -0500] "GET /buy.php?item/023016170 HTTP/1.1" 404 1251 "https://thecabinetrefinishing.com/buy.php?item/230000429" "Mozilla/5.0 AppleWebKit/537.36 (KHTML, like Gecko; compatible; GPTBot/1.3; +https://openai.com/gptbot)"
74.7.227.17 - - [22/Feb/2026:07:42:35 -0500] "GET /buy.php?item/016003695 HTTP/1.1" 404 1251 "https://thecabinetrefinishing.com/buy.php?item/196017291" "Mozilla/5.0 AppleWebKit/537.36 (KHTML, like Gecko; compatible; GPTBot/1.3; +https://openai.com/gptbot)"
74.7.227.17 - - [22/Feb/2026:07:42:36 -0500] "GET /buy.php?item/172003767 HTTP/1.1" 404 1251 "https://thecabinetrefinishing.com/buy.php?item/300031123" "Mozilla/5.0 AppleWebKit/537.36 (KHTML, like Gecko; compatible; GPTBot/1.3; +https://openai.com/gptbot)"
77.75.77.54 - - [22/Feb/2026:07:42:36 -0500] "GET /products/6320654003 HTTP/1.1" 404 1251 "-" "Mozilla/5.0 (compatible; SeznamBot/4.0; +https://o-seznam.cz/napoveda/vyhledavani/en/seznambot-crawler/)"
74.7.227.17 - - [22/Feb/2026:07:42:36 -0500] "GET /buy.php?item/073027812 HTTP/1.1" 404 1251 "https://thecabinetrefinishing.com/buy.php?item/020001549" "Mozilla/5.0 AppleWebKit/537.36 (KHTML, like Gecko; compatible; GPTBot/1.3; +https://openai.com/gptbot)"
74.7.227.17 - - [22/Feb/2026:07:42:37 -0500] "GET /buy.php?item/097007288 HTTP/1.1" 404 1251 "https://thecabinetrefinishing.com/buy.php?item/298000717" "Mozilla/5.0 AppleWebKit/537.36 (KHTML, like Gecko; compatible; GPTBot/1.3; +https://openai.com/gptbot)"
74.7.227.17 - - [22/Feb/2026:07:42:37 -0500] "GET /buy.php?item/226003011 HTTP/1.1" 404 1251 "https://thecabinetrefinishing.com/buy.php?item/226000827" "Mozilla/5.0 AppleWebKit/537.36 (KHTML, like Gecko; compatible; GPTBot/1.3; +https://openai.com/gptbot)"
74.7.227.17 - - [22/Feb/2026:07:42:38 -0500] "GET /buy.php?item/123035752 HTTP/1.1" 404 1251 "https://thecabinetrefinishing.com/buy.php?item/300007163" "Mozilla/5.0 AppleWebKit/537.36 (KHTML, like Gecko; compatible; GPTBot/1.3; +https://openai.com/gptbot)"
74.7.227.17 - - [22/Feb/2026:07:42:38 -0500] "GET /buy.php?item/280011709 HTTP/1.1" 404 1251 "https://thecabinetrefinishing.com/buy.php?item/300021495" "Mozilla/5.0 AppleWebKit/537.36 (KHTML, like Gecko; compatible; GPTBot/1.3; +https://openai.com/gptbot)"
74.7.227.17 - - [22/Feb/2026:07:42:39 -0500] "GET /buy.php?item/062036567 HTTP/1.1" 404 1251 "https://thecabinetrefinishing.com/buy.php?item/037037006" "Mozilla/5.0 AppleWebKit/537.36 (KHTML, like Gecko; compatible; GPTBot/1.3; +https://openai.com/gptbot)"
74.7.227.17 - - [22/Feb/2026:07:42:39 -0500] "GET /buy.php?item/143013806 HTTP/1.1" 404 1251 "https://thecabinetrefinishing.com/buy.php?item/220004217" "Mozilla/5.0 AppleWebKit/537.36 (KHTML, like Gecko; compatible; GPTBot/1.3; +https://openai.com/gptbot)"
74.7.227.17 - - [22/Feb/2026:07:42:40 -0500] "GET /buy.php?item/237025328 HTTP/1.1" 404 1251 "https://thecabinetrefinishing.com/buy.php?item/270001803" "Mozilla/5.0 AppleWebKit/537.36 (KHTML, like Gecko; compatible; GPTBot/1.3; +https://openai.com/gptbot)"
74.7.227.17 - - [22/Feb/2026:07:42:41 -0500] "GET /buy.php?item/046001631 HTTP/1.1" 404 1251 "https://thecabinetrefinishing.com/buy.php?item/046000177" "Mozilla/5.0 AppleWebKit/537.36 (KHTML, like Gecko; compatible; GPTBot/1.3; +https://openai.com/gptbot)"
74.7.227.17 - - [22/Feb/2026:07:42:41 -0500] "GET /buy.php?item/187003858 HTTP/1.1" 404 1251 "https://thecabinetrefinishing.com/buy.php?item/187011222" "Mozilla/5.0 AppleWebKit/537.36 (KHTML, like Gecko; compatible; GPTBot/1.3; +https://openai.com/gptbot)"
52.237.113.170 - - [22/Feb/2026:07:42:42 -0500] "GET /wp-trackback.php HTTP/1.1" 403 1242 "-" "Mozilla/5.0 (Windows NT 10.0; Win64; x64) AppleWebKit/537.36 (KHTML, like Gecko) Chrome/120.0.0.0 Safari/537.36"
74.7.227.17 - - [22/Feb/2026:07:42:42 -0500] "GET /buy.php?item/133046326 HTTP/1.1" 404 1251 "https://thecabinetrefinishing.com/buy.php?item/052000607" "Mozilla/5.0 AppleWebKit/537.36 (KHTML, like Gecko; compatible; GPTBot/1.3; +https://openai.com/gptbot)"
52.237.113.170 - - [22/Feb/2026:07:42:42 -0500] "GET /about.php HTTP/1.1" 404 1251 "-" "Mozilla/5.0 (Windows NT 10.0; Win64; x64) AppleWebKit/537.36 (KHTML, like Gecko) Chrome/120.0.0.0 Safari/537.36"
52.237.113.170 - - [22/Feb/2026:07:42:42 -0500] "GET /file.php HTTP/1.1" 404 1251 "-" "Mozilla/5.0 (Windows NT 10.0; Win64; x64) AppleWebKit/537.36 (KHTML, like Gecko) Chrome/120.0.0.0 Safari/537.36"
52.237.113.170 - - [22/Feb/2026:07:42:42 -0500] "GET /wp-good.php HTTP/1.1" 404 1251 "-" "Mozilla/5.0 (Windows NT 10.0; Win64; x64) AppleWebKit/537.36 (KHTML, like Gecko) Chrome/120.0.0.0 Safari/537.36"
74.7.227.17 - - [22/Feb/2026:07:42:42 -0500] "GET /buy.php?item/272014217 HTTP/1.1" 404 1251 "https://thecabinetrefinishing.com/buy.php?item/300014677" "Mozilla/5.0 AppleWebKit/537.36 (KHTML, like Gecko; compatible; GPTBot/1.3; +https://openai.com/gptbot)"
52.237.113.170 - - [22/Feb/2026:07:42:42 -0500] "GET /xmlrpc.php HTTP/1.1" 403 1242 "-" "Mozilla/5.0 (Windows NT 10.0; Win64; x64) AppleWebKit/537.36 (KHTML, like Gecko) Chrome/120.0.0.0 Safari/537.36"
52.237.113.170 - - [22/Feb/2026:07:42:43 -0500] "GET /goods.php HTTP/1.1" 404 1251 "-" "Mozilla/5.0 (Windows NT 10.0; Win64; x64) AppleWebKit/537.36 (KHTML, like Gecko) Chrome/120.0.0.0 Safari/537.36"
74.7.227.17 - - [22/Feb/2026:07:42:43 -0500] "GET /buy.php?item/250046301 HTTP/1.1" 404 1251 "https://thecabinetrefinishing.com/buy.php?item/137000444" "Mozilla/5.0 AppleWebKit/537.36 (KHTML, like Gecko; compatible; GPTBot/1.3; +https://openai.com/gptbot)"
52.237.113.170 - - [22/Feb/2026:07:42:43 -0500] "GET /ioxi-o.php HTTP/1.1" 404 1251 "-" "Mozilla/5.0 (Windows NT 10.0; Win64; x64) AppleWebKit/537.36 (KHTML, like Gecko) Chrome/120.0.0.0 Safari/537.36"
212.10.121.12 - - [22/Feb/2026:07:42:43 -0500] "POST /wp-content/plugins/wp-federation-provide/index.php HTTP/1.1" 200 44 "https://thecabinetrefinishing.com" "Mozilla/5.0 (Windows NT 10.0) AppleWebKit/537.36 (KHTML, like Gecko) Chrome/66.0.2497.150 Safari/537.36"
52.237.113.170 - - [22/Feb/2026:07:42:43 -0500] "GET /class-t.api.php HTTP/1.1" 404 1251 "-" "Mozilla/5.0 (Windows NT 10.0; Win64; x64) AppleWebKit/537.36 (KHTML, like Gecko) Chrome/120.0.0.0 Safari/537.36"
74.7.227.17 - - [22/Feb/2026:07:42:43 -0500] "GET /buy.php?item/197033410 HTTP/1.1" 404 1251 "https://thecabinetrefinishing.com/buy.php?item/243022418" "Mozilla/5.0 AppleWebKit/537.36 (KHTML, like Gecko; compatible; GPTBot/1.3; +https://openai.com/gptbot)"
52.237.113.170 - - [22/Feb/2026:07:42:43 -0500] "GET /admin.php HTTP/1.1" 404 1251 "-" "Mozilla/5.0 (Windows NT 10.0; Win64; x64) AppleWebKit/537.36 (KHTML, like Gecko) Chrome/120.0.0.0 Safari/537.36"
52.237.113.170 - - [22/Feb/2026:07:42:43 -0500] "GET /sf.php HTTP/1.1" 404 1251 "-" "Mozilla/5.0 (Windows NT 10.0; Win64; x64) AppleWebKit/537.36 (KHTML, like Gecko) Chrome/120.0.0.0 Safari/537.36"
52.237.113.170 - - [22/Feb/2026:07:42:44 -0500] "GET /rip.php HTTP/1.1" 404 1251 "-" "Mozilla/5.0 (Windows NT 10.0; Win64; x64) AppleWebKit/537.36 (KHTML, like Gecko) Chrome/120.0.0.0 Safari/537.36"
74.7.227.17 - - [22/Feb/2026:07:42:44 -0500] "GET /buy.php?item/161030232 HTTP/1.1" 404 1251 "https://thecabinetrefinishing.com/buy.php?item/020001209" "Mozilla/5.0 AppleWebKit/537.36 (KHTML, like Gecko; compatible; GPTBot/1.3; +https://openai.com/gptbot)"
52.237.113.170 - - [22/Feb/2026:07:42:44 -0500] "GET /autoload_classmap.php HTTP/1.1" 404 1251 "-" "Mozilla/5.0 (Windows NT 10.0; Win64; x64) AppleWebKit/537.36 (KHTML, like Gecko) Chrome/120.0.0.0 Safari/537.36"
52.237.113.170 - - [22/Feb/2026:07:42:44 -0500] "GET /chosen.php?p= HTTP/1.1" 404 1251 "-" "Mozilla/5.0 (Windows NT 10.0; Win64; x64) AppleWebKit/537.36 (KHTML, like Gecko) Chrome/120.0.0.0 Safari/537.36"
74.7.227.17 - - [22/Feb/2026:07:42:44 -0500] "GET /buy.php?item/249016296 HTTP/1.1" 404 1251 "https://thecabinetrefinishing.com/buy.php?item/123033338" "Mozilla/5.0 AppleWebKit/537.36 (KHTML, like Gecko; compatible; GPTBot/1.3; +https://openai.com/gptbot)"
52.237.113.170 - - [22/Feb/2026:07:42:44 -0500] "GET /classwithtostring.php HTTP/1.1" 404 1251 "-" "Mozilla/5.0 (Windows NT 10.0; Win64; x64) AppleWebKit/537.36 (KHTML, like Gecko) Chrome/120.0.0.0 Safari/537.36"
52.237.113.170 - - [22/Feb/2026:07:42:44 -0500] "GET /defaults.php HTTP/1.1" 404 1251 "-" "Mozilla/5.0 (Windows NT 10.0; Win64; x64) AppleWebKit/537.36 (KHTML, like Gecko) Chrome/120.0.0.0 Safari/537.36"
52.237.113.170 - - [22/Feb/2026:07:42:45 -0500] "GET /index/function.php HTTP/1.1" 404 1251 "-" "Mozilla/5.0 (Windows NT 10.0; Win64; x64) AppleWebKit/537.36 (KHTML, like Gecko) Chrome/120.0.0.0 Safari/537.36"
74.7.227.17 - - [22/Feb/2026:07:42:45 -0500] "GET /buy.php?item/251044162 HTTP/1.1" 404 1251 "https://thecabinetrefinishing.com/buy.php?item/220004581" "Mozilla/5.0 AppleWebKit/537.36 (KHTML, like Gecko; compatible; GPTBot/1.3; +https://openai.com/gptbot)"
52.237.113.170 - - [22/Feb/2026:07:42:45 -0500] "GET /wk/index.php HTTP/1.1" 404 1251 "-" "Mozilla/5.0 (Windows NT 10.0; Win64; x64) AppleWebKit/537.36 (KHTML, like Gecko) Chrome/120.0.0.0 Safari/537.36"
52.237.113.170 - - [22/Feb/2026:07:42:45 -0500] "GET /wp-includes/ HTTP/1.1" 200 8012 "-" "Mozilla/5.0 (Windows NT 10.0; Win64; x64) AppleWebKit/537.36 (KHTML, like Gecko) Chrome/120.0.0.0 Safari/537.36"
74.7.227.17 - - [22/Feb/2026:07:42:45 -0500] "GET /buy.php?item/152041021 HTTP/1.1" 404 1251 "https://thecabinetrefinishing.com/buy.php?shopdetail/favorite/110010512" "Mozilla/5.0 AppleWebKit/537.36 (KHTML, like Gecko; compatible; GPTBot/1.3; +https://openai.com/gptbot)"
52.237.113.170 - - [22/Feb/2026:07:42:45 -0500] "GET /.well-known/ HTTP/1.1" 200 622 "-" "Mozilla/5.0 (Windows NT 10.0; Win64; x64) AppleWebKit/537.36 (KHTML, like Gecko) Chrome/120.0.0.0 Safari/537.36"
52.237.113.170 - - [22/Feb/2026:07:42:46 -0500] "GET /info.php HTTP/1.1" 404 1251 "-" "Mozilla/5.0 (Windows NT 10.0; Win64; x64) AppleWebKit/537.36 (KHTML, like Gecko) Chrome/120.0.0.0 Safari/537.36"
52.237.113.170 - - [22/Feb/2026:07:42:46 -0500] "GET /cgi-bin/ HTTP/1.1" 403 1242 "-" "Mozilla/5.0 (Windows NT 10.0; Win64; x64) AppleWebKit/537.36 (KHTML, like Gecko) Chrome/120.0.0.0 Safari/537.36"
74.7.227.17 - - [22/Feb/2026:07:42:46 -0500] "GET /buy.php?item/091027692 HTTP/1.1" 404 1251 "https://thecabinetrefinishing.com/buy.php?item/150004091" "Mozilla/5.0 AppleWebKit/537.36 (KHTML, like Gecko; compatible; GPTBot/1.3; +https://openai.com/gptbot)"
52.237.113.170 - - [22/Feb/2026:07:42:46 -0500] "GET /uploads/ HTTP/1.1" 404 1251 "-" "Mozilla/5.0 (Windows NT 10.0; Win64; x64) AppleWebKit/537.36 (KHTML, like Gecko) Chrome/120.0.0.0 Safari/537.36"
52.237.113.170 - - [22/Feb/2026:07:42:46 -0500] "GET /wp-admin/images/ HTTP/1.1" 200 2771 "-" "Mozilla/5.0 (Windows NT 10.0; Win64; x64) AppleWebKit/537.36 (KHTML, like Gecko) Chrome/120.0.0.0 Safari/537.36"
52.237.113.170 - - [22/Feb/2026:07:42:46 -0500] "GET /wp-includes/Requests/src/Response/about.php HTTP/1.1" 404 1251 "-" "Mozilla/5.0 (Windows NT 10.0; Win64; x64) AppleWebKit/537.36 (KHTML, like Gecko) Chrome/120.0.0.0 Safari/537.36"
74.7.227.17 - - [22/Feb/2026:07:42:46 -0500] "GET /buy.php?item/155014060 HTTP/1.1" 404 1251 "https://thecabinetrefinishing.com/buy.php?item/210004007" "Mozilla/5.0 AppleWebKit/537.36 (KHTML, like Gecko; compatible; GPTBot/1.3; +https://openai.com/gptbot)"
52.237.113.170 - - [22/Feb/2026:07:42:47 -0500] "GET /wp-includes/html-api/ HTTP/1.1" 200 1431 "-" "Mozilla/5.0 (Windows NT 10.0; Win64; x64) AppleWebKit/537.36 (KHTML, like Gecko) Chrome/120.0.0.0 Safari/537.36"
52.237.113.170 - - [22/Feb/2026:07:42:47 -0500] "GET /wp-content/admin.php HTTP/1.1" 404 1251 "-" "Mozilla/5.0 (Windows NT 10.0; Win64; x64) AppleWebKit/537.36 (KHTML, like Gecko) Chrome/120.0.0.0 Safari/537.36"
74.7.227.17 - - [22/Feb/2026:07:42:47 -0500] "GET /buy.php?item/277023738 HTTP/1.1" 404 1251 "https://thecabinetrefinishing.com/buy.php?item/182000787" "Mozilla/5.0 AppleWebKit/537.36 (KHTML, like Gecko; compatible; GPTBot/1.3; +https://openai.com/gptbot)"
52.237.113.170 - - [22/Feb/2026:07:42:47 -0500] "GET /adminfuns.php HTTP/1.1" 404 1251 "-" "Mozilla/5.0 (Windows NT 10.0; Win64; x64) AppleWebKit/537.36 (KHTML, like Gecko) Chrome/120.0.0.0 Safari/537.36"
52.237.113.170 - - [22/Feb/2026:07:42:47 -0500] "GET /wp-admin/css/colors/ectoplasm/ HTTP/1.1" 200 739 "-" "Mozilla/5.0 (Windows NT 10.0; Win64; x64) AppleWebKit/537.36 (KHTML, like Gecko) Chrome/120.0.0.0 Safari/537.36"
52.237.113.170 - - [22/Feb/2026:07:42:47 -0500] "GET /wp-content/uploads/ HTTP/1.1" 200 1223 "-" "Mozilla/5.0 (Windows NT 10.0; Win64; x64) AppleWebKit/537.36 (KHTML, like Gecko) Chrome/120.0.0.0 Safari/537.36"
74.7.227.17 - - [22/Feb/2026:07:42:47 -0500] "GET /buy.php?item/095028620 HTTP/1.1" 404 1251 "https://thecabinetrefinishing.com/buy.php?item/220005255" "Mozilla/5.0 AppleWebKit/537.36 (KHTML, like Gecko; compatible; GPTBot/1.3; +https://openai.com/gptbot)"
52.237.113.170 - - [22/Feb/2026:07:42:48 -0500] "GET /wp-content/themes/admin.php HTTP/1.1" 404 1251 "-" "Mozilla/5.0 (Windows NT 10.0; Win64; x64) AppleWebKit/537.36 (KHTML, like Gecko) Chrome/120.0.0.0 Safari/537.36"
52.237.113.170 - - [22/Feb/2026:07:42:48 -0500] "GET /wp-content/themes/index.php HTTP/1.1" 200 0 "-" "Mozilla/5.0 (Windows NT 10.0; Win64; x64) AppleWebKit/537.36 (KHTML, like Gecko) Chrome/120.0.0.0 Safari/537.36"
74.7.227.17 - - [22/Feb/2026:07:42:48 -0500] "GET /buy.php?item/125026140 HTTP/1.1" 404 1251 "https://thecabinetrefinishing.com/buy.php?item/140008889" "Mozilla/5.0 AppleWebKit/537.36 (KHTML, like Gecko; compatible; GPTBot/1.3; +https://openai.com/gptbot)"
52.237.113.170 - - [22/Feb/2026:07:42:48 -0500] "GET /wp-content/plugins/index.php HTTP/1.1" 200 0 "-" "Mozilla/5.0 (Windows NT 10.0; Win64; x64) AppleWebKit/537.36 (KHTML, like Gecko) Chrome/120.0.0.0 Safari/537.36"
66.249.65.103 - - [22/Feb/2026:07:42:48 -0500] "GET /sitemap-files/xml/posts/post/38/ HTTP/1.1" 404 1251 "-" "Mozilla/5.0 (compatible; Googlebot/2.1; +http://www.google.com/bot.html)"
52.237.113.170 - - [22/Feb/2026:07:42:48 -0500] "GET /wp-includes/PHPMailer/ HTTP/1.1" 200 1169 "-" "Mozilla/5.0 (Windows NT 10.0; Win64; x64) AppleWebKit/537.36 (KHTML, like Gecko) Chrome/120.0.0.0 Safari/537.36"
74.7.227.17 - - [22/Feb/2026:07:42:49 -0500] "GET /buy.php?item/223027698 HTTP/1.1" 404 1251 "https://thecabinetrefinishing.com/buy.php?item/300008537" "Mozilla/5.0 AppleWebKit/537.36 (KHTML, like Gecko; compatible; GPTBot/1.3; +https://openai.com/gptbot)"
52.237.113.170 - - [22/Feb/2026:07:42:48 -0500] "GET /wp-includes/images/ HTTP/1.1" 200 1659 "-" "Mozilla/5.0 (Windows NT 10.0; Win64; x64) AppleWebKit/537.36 (KHTML, like Gecko) Chrome/120.0.0.0 Safari/537.36"
52.237.113.170 - - [22/Feb/2026:07:42:49 -0500] "GET /wp-content/plugins/WordPressCore/ HTTP/1.1" 404 1251 "-" "Mozilla/5.0 (Windows NT 10.0; Win64; x64) AppleWebKit/537.36 (KHTML, like Gecko) Chrome/120.0.0.0 Safari/537.36"
74.7.227.17 - - [22/Feb/2026:07:42:49 -0500] "GET /buy.php?item/134033209 HTTP/1.1" 404 1251 "https://thecabinetrefinishing.com/buy.php?item/220000431" "Mozilla/5.0 AppleWebKit/537.36 (KHTML, like Gecko; compatible; GPTBot/1.3; +https://openai.com/gptbot)"
74.7.227.17 - - [22/Feb/2026:07:42:50 -0500] "GET /buy.php?item/261020346 HTTP/1.1" 404 1251 "https://thecabinetrefinishing.com/buy.php?item/040004749" "Mozilla/5.0 AppleWebKit/537.36 (KHTML, like Gecko; compatible; GPTBot/1.3; +https://openai.com/gptbot)"
74.7.227.17 - - [22/Feb/2026:07:42:50 -0500] "GET /buy.php?item/151047734 HTTP/1.1" 404 1251 "https://thecabinetrefinishing.com/buy.php?item/030003237" "Mozilla/5.0 AppleWebKit/537.36 (KHTML, like Gecko; compatible; GPTBot/1.3; +https://openai.com/gptbot)"
74.7.227.17 - - [22/Feb/2026:07:42:51 -0500] "GET /buy.php?item/038009455 HTTP/1.1" 404 1251 "https://thecabinetrefinishing.com/buy.php?item/220002695" "Mozilla/5.0 AppleWebKit/537.36 (KHTML, like Gecko; compatible; GPTBot/1.3; +https://openai.com/gptbot)"
74.7.227.17 - - [22/Feb/2026:07:42:51 -0500] "GET /buy.php?item/044014735 HTTP/1.1" 404 1251 "https://thecabinetrefinishing.com/buy.php?item/110005955" "Mozilla/5.0 AppleWebKit/537.36 (KHTML, like Gecko; compatible; GPTBot/1.3; +https://openai.com/gptbot)"
74.7.227.17 - - [22/Feb/2026:07:42:52 -0500] "GET /buy.php?item/205025676 HTTP/1.1" 404 1251 "https://thecabinetrefinishing.com/buy.php?item/290004457" "Mozilla/5.0 AppleWebKit/537.36 (KHTML, like Gecko; compatible; GPTBot/1.3; +https://openai.com/gptbot)"
74.7.227.17 - - [22/Feb/2026:07:42:52 -0500] "GET /buy.php?item/106021189 HTTP/1.1" 404 1251 "https://thecabinetrefinishing.com/buy.php?item/120005031" "Mozilla/5.0 AppleWebKit/537.36 (KHTML, like Gecko; compatible; GPTBot/1.3; +https://openai.com/gptbot)"
74.7.227.17 - - [22/Feb/2026:07:42:53 -0500] "GET /buy.php?item/080032845 HTTP/1.1" 404 1251 "https://thecabinetrefinishing.com/buy.php?item/220004959" "Mozilla/5.0 AppleWebKit/537.36 (KHTML, like Gecko; compatible; GPTBot/1.3; +https://openai.com/gptbot)"
74.7.227.17 - - [22/Feb/2026:07:42:53 -0500] "GET /buy.php?item/020013385 HTTP/1.1" 404 1251 "https://thecabinetrefinishing.com/buy.php?item/020009527" "Mozilla/5.0 AppleWebKit/537.36 (KHTML, like Gecko; compatible; GPTBot/1.3; +https://openai.com/gptbot)"
74.7.227.17 - - [22/Feb/2026:07:42:54 -0500] "GET /buy.php?item/169040710 HTTP/1.1" 404 1251 "https://thecabinetrefinishing.com/buy.php?item/220000069" "Mozilla/5.0 AppleWebKit/537.36 (KHTML, like Gecko; compatible; GPTBot/1.3; +https://openai.com/gptbot)"
81.40.144.97 - - [22/Feb/2026:07:42:52 -0500] "POST /wp-content/plugins/wp-federation-provide/index.php HTTP/1.1" 200 44 "https://thecabinetrefinishing.com" "Mozilla/5.0 (Windows NT 10.0) AppleWebKit/537.36 (KHTML, like Gecko) Chrome/68.0.2911.103 Safari/537.36"
74.7.227.17 - - [22/Feb/2026:07:42:54 -0500] "GET /buy.php?item/134033209 HTTP/1.1" 404 1251 "https://thecabinetrefinishing.com/buy.php?item/220000431" "Mozilla/5.0 AppleWebKit/537.36 (KHTML, like Gecko; compatible; GPTBot/1.3; +https://openai.com/gptbot)"
74.7.227.17 - - [22/Feb/2026:07:42:55 -0500] "GET /buy.php?item/266031121 HTTP/1.1" 404 1251 "https://thecabinetrefinishing.com/buy.php?shopdetail/sacred/169030781" "Mozilla/5.0 AppleWebKit/537.36 (KHTML, like Gecko; compatible; GPTBot/1.3; +https://openai.com/gptbot)"
74.7.227.17 - - [22/Feb/2026:07:42:55 -0500] "GET /buy.php?item/037046742 HTTP/1.1" 404 1251 "https://thecabinetrefinishing.com/buy.php?item/289035558" "Mozilla/5.0 AppleWebKit/537.36 (KHTML, like Gecko; compatible; GPTBot/1.3; +https://openai.com/gptbot)"
74.7.227.17 - - [22/Feb/2026:07:42:56 -0500] "GET /buy.php?item/023044016 HTTP/1.1" 404 1251 "https://thecabinetrefinishing.com/buy.php?item/220008011" "Mozilla/5.0 AppleWebKit/537.36 (KHTML, like Gecko; compatible; GPTBot/1.3; +https://openai.com/gptbot)"
74.7.227.17 - - [22/Feb/2026:07:42:56 -0500] "GET /buy.php?item/150028907 HTTP/1.1" 404 1251 "https://thecabinetrefinishing.com/buy.php?item/221000312" "Mozilla/5.0 AppleWebKit/537.36 (KHTML, like Gecko; compatible; GPTBot/1.3; +https://openai.com/gptbot)"
74.7.227.17 - - [22/Feb/2026:07:42:57 -0500] "GET /buy.php?item/077026908 HTTP/1.1" 404 1251 "https://thecabinetrefinishing.com/buy.php?item/300023845" "Mozilla/5.0 AppleWebKit/537.36 (KHTML, like Gecko; compatible; GPTBot/1.3; +https://openai.com/gptbot)"
74.7.227.17 - - [22/Feb/2026:07:42:58 -0500] "GET /buy.php?item/266021373 HTTP/1.1" 404 1251 "https://thecabinetrefinishing.com/buy.php?item/030008683" "Mozilla/5.0 AppleWebKit/537.36 (KHTML, like Gecko; compatible; GPTBot/1.3; +https://openai.com/gptbot)"
74.7.227.17 - - [22/Feb/2026:07:42:58 -0500] "GET /buy.php?item/262006551 HTTP/1.1" 404 1251 "https://thecabinetrefinishing.com/buy.php?item/262000565" "Mozilla/5.0 AppleWebKit/537.36 (KHTML, like Gecko; compatible; GPTBot/1.3; +https://openai.com/gptbot)"
74.7.227.17 - - [22/Feb/2026:07:42:59 -0500] "GET /buy.php?item/288045201 HTTP/1.1" 404 1251 "https://thecabinetrefinishing.com/buy.php?item/043000098" "Mozilla/5.0 AppleWebKit/537.36 (KHTML, like Gecko; compatible; GPTBot/1.3; +https://openai.com/gptbot)"
74.7.227.17 - - [22/Feb/2026:07:42:59 -0500] "GET /buy.php?item/155041674 HTTP/1.1" 404 1251 "https://thecabinetrefinishing.com/buy.php?item/182000211" "Mozilla/5.0 AppleWebKit/537.36 (KHTML, like Gecko; compatible; GPTBot/1.3; +https://openai.com/gptbot)"
74.7.227.17 - - [22/Feb/2026:07:43:00 -0500] "GET /buy.php?item/095034606 HTTP/1.1" 404 1251 "https://thecabinetrefinishing.com/buy.php?item/100000137" "Mozilla/5.0 AppleWebKit/537.36 (KHTML, like Gecko; compatible; GPTBot/1.3; +https://openai.com/gptbot)"
74.7.227.17 - - [22/Feb/2026:07:43:00 -0500] "GET /buy.php?item/191027522 HTTP/1.1" 404 1251 "https://thecabinetrefinishing.com/buy.php?item/110003987" "Mozilla/5.0 AppleWebKit/537.36 (KHTML, like Gecko; compatible; GPTBot/1.3; +https://openai.com/gptbot)"
74.7.227.17 - - [22/Feb/2026:07:43:01 -0500] "GET /buy.php?item/041002946 HTTP/1.1" 404 1251 "https://thecabinetrefinishing.com/buy.php?item/041011194" "Mozilla/5.0 AppleWebKit/537.36 (KHTML, like Gecko; compatible; GPTBot/1.3; +https://openai.com/gptbot)"
141.255.1.51 - - [22/Feb/2026:07:43:01 -0500] "POST /wp-content/plugins/wp-water-labyrinth/index.php HTTP/1.1" 200 29 "https://thecabinetrefinishing.com" "Mozilla/5.0 (Windows NT 10.0; WOW64; rv:52.0) Gecko/20100101 Firefox/52.0"
89.201.4.65 - - [22/Feb/2026:07:43:01 -0500] "POST /wp-content/plugins/wp-federation-provide/index.php HTTP/1.1" 200 44 "https://thecabinetrefinishing.com" "Mozilla/5.0 (Windows NT 10.0; WOW64) AppleWebKit/537.36 (KHTML, like Gecko) Chrome/66.0.2601.124 Safari/537.36"
74.7.227.17 - - [22/Feb/2026:07:43:01 -0500] "GET /buy.php?item/221028184 HTTP/1.1" 404 1251 "https://thecabinetrefinishing.com/buy.php?item/013000926" "Mozilla/5.0 AppleWebKit/537.36 (KHTML, like Gecko; compatible; GPTBot/1.3; +https://openai.com/gptbot)"
